+ 6. Let v(m) = 4*h(m) - 5*n(m). Let s be (-3)/1 - (0 - -2). Determine v(s).
3
Let l be 2/((-3 + 4)*2). Let b(m) = -m - 1. Let k(z) = 3. Let x(c) = -6*b(c) - 2*k(c). Calculate x(l).
6
Let s(c) = c**3 - 5*c**2 + 2*c - 3. Let w be 56/70 + (-16)/(-5). What is s(w)?
-11
Let x be -2 + (0 - 14/(-2)). Let z(p) be the second derivative of -p**5/20 + p**4/3 + p**3 - 4*p. Give z(x).
5
Let r(d) = 3 - 3*d + 4 - 5 - 2*d**2. Determine r(-4).
-18
Let t(u) = 2*u - 1. Let j be t(2). Suppose -j*l = -2*l - 3. Let d(f) = f**2 - 3*f - 3. Let s be d(l). Let c(k) = k**3 + 3*k**2 + k - 2. What is c(s)?
-5
Let m(g) = 5*g**2 + 11*g + 5. Let l(p) = -3*p**2 - 7*p - 3. Let u(j) = -8*l(j) - 5*m(j). What is u(0)?
-1
Let s(m) = 3*m + m - 4 - 2*m + 0*m. Calculate s(4).
4
Let w(i) = 6 + 0 - 6*i + i**2 + 0. Let r = 2 - -4. Determine w(r).
6
Let c = 2 - 2. Suppose -4 = -2*b - c. Suppose 5*t + b = -18. Let h(y) = y**3 + 4*y**2 + 3*y + 6. Determine h(t).
-6
Let l(o) be the second derivative of 1/2*o**2 + 0 + 1/3*o**3 + o. Suppose -5*y - a + 16 = a, 0 = 3*y + 4*a - 18. Give l(y).
5
Let g(n) = -15*n - 2. Let a(y) = -y. Let c(i) = 5*a(i) - g(i). Determine c(-2).
-18
Let k(z) = z**3 - 3*z**2 + 3*z. Let x be k(2). Let f(r) be the third derivative of -r**5/60 - r**3/6 + 11*r**2. Determine f(x).
-5
Let w(j) = -j**3 + 6*j**2 + 7*j + 9. Let b(r) = -r + 15. Let d be b(15). Suppose d = 6*u - 5*u - 7. Calculate w(u).
9
Let j(w) be the third derivative of 2*w**5/15 - w**4/24 - w**3/6 + w**2. Let l = -14 - -27. Let f = 12 - l. Determine j(f).
8
Let n(l) be the second derivative of l**7/315 - l**6/720 + l**5/120 - l**4/4 - 4*l. Let b(h) be the third derivative of n(h). Calculate b(1).
8
Let s(w) = w**3 - 3*w**2 - 2*w - 4. Let c be s(4). Let f(i) = -c + 3 + 2*i - i + 0*i. Calculate f(-1).
-2
Let d(w) = -9*w**2 + 2*w + 11. Let o(h) = 5*h**2 - h - 6. Let k(x) = 6*d(x) + 11*o(x). Let v(p) = 1 + 0 - 2 + p. Let s be v(-1). Calculate k(s).
2
Suppose 3*o + 5*d - 1 = 0, -2*o + 3*o + 2*d = 0. Let h(a) = 4 - 1 - 3*a - a**2 - 2 + o*a. Give h(-2).
-1
Suppose 0 = -3*d + 3*o + 2*o - 7, -3*d + 2*o + 8 = 0. Suppose -3 = -3*y + d*y. Let v(g) be the second derivative of -7*g**3/6 - g**2/2 - g. Calculate v(y).
6
Let s(g) = -g**2 - 6*g - 7. Suppose 0 = 2*p - 5*j + 2*j - 11, -2*j - 22 = -5*p. Suppose p*t = t - 18. Determine s(t).
-7
Let n(i) = i - 4. Let z be (0 - 2) + (-8)/(-4). Determine n(z).
-4
Let q be -3*(-1 - -3) + 4. Let c be 4/(-6)*(-1 + -2). Let p(v) = -v + 0*v**2 + 2 + v**c + 4*v. Calculate p(q).
0
Let w(b) be the third derivative of -b**5/30 - b**4/24 - 4*b**2. Let i(g) = -g**2. Let v(q) = 4*i(q) - w(q). Calculate v(1).
-1
Let r be (-1)/(57/12 + -5). Let u(y) be the third derivative of y**5/60 - y**4/8 - y**3/3 - y**2. Give u(r).
2
Let r(x) = 5 + x**2 + 0 + 5 - 4 + 5*x. Let u be r(-4). Let k(d) be the first derivative of d**2 - 1. Determine k(u).
4
Suppose -6*b + 5*b = -1. Suppose 4*o = -5*v - 2, 16 = -5*v + 5*o + 41. Let r(n) = -2 - 2*n**2 - 3*n**2 - n + 3*n**v + 3. Determine r(b).
-2
Let o(i) = -i**2 - i - 1. Let m(q) = q**2. Let a(t) = -m(t) - 2*o(t). Let g(d) = 5*d**2 + 9*d + 8. Let s(x) = 9*a(x) - 2*g(x). Give s(-2).
-2
Let f be -1 + 2 - 1 - -5. Let d = f - 5. Let c(z) = -z**2. Determine c(d).
0
Let i be ((-20)/25)/((-2)/5). Let z(v) be the second derivative of -v**3/2 - v**2/2 - v. Give z(i).
-7
Let l(r) = r**2 + r - 2*r**2 - 3*r. Let o be l(-3). Let k(n) = n**2 + 3*n + 1. What is k(o)?
1
Let d = 42 - 42. Let q(b) = b + 1. What is q(d)?
1
Let t(v) = 0*v**2 - 2*v**2 - 4*v + 1 + 4*v. What is t(1)?
-1
Let o be -1 - -3 - (6 - 4). Suppose o = -5*n + 2*n + 6. Suppose -n*p = -p. Let d(r) = -r + 2. What is d(p)?
2
Let t = -1 - -2. Let f(v) be the third derivative of 0*v**3 - 1/24*v**4 + v**2 + 0 - 1/30*v**5 + 0*v. What is f(t)?
-3
Let a(x) = -2*x. Let j = 4 - 2. Suppose 7*g = -4*s + 4*g + 35, s + j*g - 10 = 0. Suppose 5*d = 3*d + s. Calculate a(d).
-8
Let z(f) be the first derivative of -1/3*f**3 + 9 - 7/2*f**2 - 2*f. Calculate z(-3).
10
Let z(j) = -3*j. Let h = 2 + 1. Let t(b) = -6*b**3 - 1 + 7*b**h - 3*b - 2*b**2 + 0. Let m be t(3). Determine z(m).
3
Let v(d) = -5*d**3 + 4*d**2 - 10*d + 6. Let z(u) = -4*u**3 + 5*u**2 - 10*u + 6. Let b(l) = 3*v(l) - 4*z(l). Determine b(7).
15
Let p(f) = f**3 - 4*f**2 - 4*f + 2. Let h = -15 - -20. Calculate p(h).
7
Suppose -98*u + 6 = -99*u. Let k(j) = j + 2. Calculate k(u).
-4
Suppose 6 = -0*y - y. Let d(u) = -u**3 - 6*u**2 + 2*u - 1. Calculate d(y).
-13
Suppose -16 - 14 = 5*u + 4*y, -u + 2*y = -8. Let g(f) = -f**2 - f + 2. Calculate g(u).
0
Let x(w) be the first derivative of -1/3*w**3 - 3 - 2*w - 1/4*w**4 - 1/2*w**2. Determine x(-2).
4
Let r(c) = -2 + 1 - 120*c + 116*c. Give r(4).
-17
Let a(d) = -d**2 - d. Let t(r) = r**3 + 11*r**2 + 7*r + 9. Let n(w) = 5*a(w) + t(w). Calculate n(-6).
-3
Let s be -2 + -1 + (2 - -5). Let z(p) be the first derivative of -p**4/8 + p**3/6 + 3*p**2/2 + 2. Let b(t) be the second derivative of z(t). What is b(s)?
-11
Let a(p) = 2*p - 2. Let t(u) = 3*u - 3. Let k(w) = -8*a(w) + 5*t(w). Suppose 3*s - 2 = -4*y + 8, s = -y + 3. What is k(y)?
0
Let t(p) = 3*p - 5*p - 1 - 3*p. Let m be -2 + ((-34)/2 - 2). Let z be (-4)/14 + (-27)/m. What is t(z)?
-6
Let g(z) = 4*z**3. Let r = 1 - -2. Let b = 22 + -20. Suppose -1 = 3*j + q, r*q = b*q + 2. Determine g(j).
-4
Let w(d) = -d**3 - 4*d**2 + 5*d - 4. Suppose -2*z = -3*z - 1. Let m be z/(2 - (-18)/(-10)). Calculate w(m).
-4
Let y be (7 + 0)*4/14. Let x = 1 + 5. Let u(w) = 0*w + x - y*w + w + 3*w. Calculate u(-5).
-4
Let g(b) be the second derivative of -b + 0*b**3 - 7/120*b**5 - 1/12*b**4 + 0 - 1/720*b**6 + 0*b**2. Let d(f) be the third derivative of g(f). What is d(-4)?
-3
Let d(k) = -10*k**2 - 9*k - 9. Let i(a) = a**2 + a + 1. Let v(t) = -2*d(t) - 22*i(t). What is v(-3)?
-10
Let d = 152 + -159. Let o(z) = -z**2 - 5*z + 10. Determine o(d).
-4
Let x be (7 + -1)*(-2)/(-6). Let d be (x - 1)*2/2. Let u(s) be the first derivative of -s**4/4 + 2*s**3/3 - 5. What is u(d)?
1
Let u(i) be the second derivative of -i**3/6 - 2*i**2 - i. Suppose 15 = 5*l, 3*l = 5*k - k - 3. Give u(k).
-7
Let q(b) = b**2 + 4*b + 3. Suppose -4 = 2*a + 2*p, 0 = 3*a - a + 4*p + 2. What is q(a)?
0
Let k(t) be the third derivative of t**4/6 - 2*t**3/3 + 8*t**2. Determine k(3).
8
Let l(b) = b. Let p(h) = -4*h - 5. Suppose z - 3*a + 4*a = 0, 0 = -4*a + 12. Let o(m) = z*l(m) - p(m). Let t be o(-4). Let q(i) = -5*i. Calculate q(t).
-5
Let m(p) = 6*p**2 + 6*p - 4. Let j(u) = -5*u**2 - 5*u + 5. Let q(g) = 5*j(g) + 4*m(g). Let s be 1*(2 - 2)/(-1). What is q(s)?
9
Let c(j) = -3*j**2 - 7*j - 6. Let z(v) = 13*v**2 + 29*v + 25. Let n(a) = 9*c(a) + 2*z(a). Give n(-4).
0
Let o = 16 - 9. Suppose -2*l + o*l = 0. Let q(c) = c**3 + c**2 - c - 5. What is q(l)?
-5
Let h(j) = -j - 1. Let q(v) = v + 2. Let n(s) = 6*h(s) + 5*q(s). Give n(4).
0
Let k be (-3)/(-6) - 1/(-2). Let j(o) = -7*o**2 + 2*o - 1. What is j(k)?
-6
Let z = -46 - -231/5. Let w(a) be the second derivative of 0*a**2 + 0*a**4 + 0 - 1/6*a**3 - z*a**5 - a. Calculate w(-1).
5
Let g(i) = 7*i**3 + i - 1. Suppose w - 2 = -0. Suppose 2 = w*u - 0*u. Give g(u).
7
Let m(x) = 2*x - 2. Let p be m(2). Let l(d) = -d**3 + 2*d - 1. Determine l(p).
-5
Let v(m) be the first derivative of m**4/2 + 2*m**3/3 - m**2 - 2*m - 9. What is v(-2)?
-6
Let v(x) = -x**3 + x + 1. Suppose -4 = -p + 3. Let j(u) = u**2 - 2*u - 3. Let l be j(3). Suppose -5*s - p = 3*t + t, -t + 5*s + 17 = l. What is v(t)?
-5
Let q(l) = -3*l + 7. Let g = 24 + -4. Suppose g = 4*p - 0*p. Give q(p).
-8
Suppose 25 = 5*q - 5*d, -3*d - 18 = -q - 3. Suppose -v + 5 + q = 0. Let r(h) = h**3 - 6*h**2 + 5*h + 5. What is r(v)?
5
Let b(x) = 1 - x - 3*x - x + x**2. Let v(s) = -s**2 - 10*s - 11. Let a be v(-8). Suppose 0*y = -y + k + 4, 4*y + a*k = 34. What is b(y)?
7
Let x(y) = -y - y + 3*y. Suppose f + f + 5*i + 9 = 0, 5*f - i = -9. What is x(f)?
-2
Let f(w) = -4*w + 1. Let j(c) = -2*c**3 - c**2 + c. Let k be j(1). Let z be 1*4/k + 11. Let i be 11/z + 4/(-18). Calculate f(i).
-3
Let s(q) = 15*q**2 - 29*q + 12. Let l(w) = 7*w**2 - 14*w + 6. Let b(v) = 13*l(v) - 6*s(v). Give b(5).
-9
Let g(h) = -4*h**3 + 2*h**2 + 3*h + 5. Let b(w) = 11*w**3 - 7*w**2 - 9*w - 14. Let c(r) = -3*b(r) - 8*g(r). Determine c(6).
-16
Suppose 0 = 2*h - 0*h + 5*i - 14, -4*h + 12 = 2*i. Le